x(k) = -k**2 - 7*k + 10. Let p be x(-8). Suppose 7*w + 25 = p*w. What is r(w)?
3
Suppose 2*z = -z + 5*n - 11, -9 = z - 3*n. Let y = -2 + z. Let j(h) = -y + 0 - 3*h**2 - h + 4 - 1. Calculate j(2).
-12
Suppose 4*m - 7 = -31. Let j(n) = 2*n - 1. Calculate j(m).
-13
Suppose -4*y - 1 = -9. Let x(q) be the first derivative of -3*q**2/2 + q - 3. Determine x(y).
-5
Let a(d) be the third derivative of -d**5/60 - d**4/8 - 2*d**3/3 + d**2. Let u be -8 - -11 - (-2 + 8). Determine a(u).
-4
Let k(p) be the third derivative of p**4/24 + 5*p**3/6 + 7*p**2. Calculate k(-5).
0
Let z be (-1494)/90 - 3/(-5). Let i be (-15)/12 - (-12)/z. Let y(a) = a**2 - 5. Let u(t) = -1. Let s(v) = -4*u(v) + y(v). Calculate s(i).
3
Let v(h) = 23 - 3*h + 18 - 38. Give v(-3).
12
Suppose -k = 5*d - 6, -2*d = k + 2*d - 4. Let f(n) be the first derivative of n**3/3 + 3*n**2 + 2*n - 11. Calculate f(k).
-6
Let i(r) = -3*r - 3*r + r. Let z(p) = p**2 - 3*p - 5. Let w be z(5). Suppose s - w = -5*o, -4*o + s - 4*s = -4. What is i(o)?
-5
Let a(k) = -4. Let j(z) = -z - 6. Let l(p) = 4*a(p) - 3*j(p). Suppose 4*x - 20 = 0, -7*q + 3*q + 2*x = -2. Give l(q).
11
Let y(w) be the second derivative of -3/2*w**2 - 2/3*w**3 + w - 1/12*w**4 + 0. Let j be (1/(-2))/((-3)/(-24)). What is y(j)?
-3
Let g(k) = -k**2 - k - 4. Suppose m + 4 = -2*o - 2*o, 5*m = -2*o - 2. What is g(m)?
-4
Let t(l) = -5*l - 6. Let s(x) = -6*x - 6. Let b(a) = -4*s(a) + 5*t(a). Give b(-6).
0
Let r(u) = u**3 + 7*u**2 + 8*u + 4. Let p = 0 + 5. Suppose -2*i - 28 = p*s, -i + 27 = -4*s + 2*i. What is r(s)?
-8
Let f(q) = q**3 + 3*q**2 - 5*q. Let p be (6/12)/((-2)/(-64)). Suppose 4*d + p = -0. Calculate f(d).
4
Let p(g) = 2*g**2 - 6*g**2 + 1 - 2*g + 3*g**2 + 3*g**2. Give p(3).
13
Let r(s) = -s - 2 - 9 + 47*s**2 - 48*s**2. Give r(0).
-11
Suppose q = -q. Suppose 6*h = 2*h - 20, 2*t - 4*h - 14 = q. Let y(b) = -b + 2. Let r be y(t). Let s(f) = 2*f - 4. Calculate s(r).
6
Let u(y) be the first derivative of -y**4/4 - y**3/3 - y**2/2 - 3*y - 10. What is u(0)?
-3
Let v(y) = y**2 - 5*y - 3. Let z be 5/(1 - (-8)/12). Calculate v(z).
-9
Let j = 11 - 17. Let y(p) be the second derivative of p**3/3 + 3*p**2 + 32*p. Give y(j).
-6
Let r(m) be the first derivative of m**2/2 - 2*m + 6. Calculate r(2).
0
Let j(p) be the first derivative of -1/3*p**3 - 4*p - 3 + 0*p**2. Calculate j(0).
-4
Let j(t) = 6*t**2 + 46*t - 9. Let n(a) = a**2 + 9*a - 2. Let m(q) = 2*j(q) - 11*n(q). Let c = 35 - 30. Give m(c).
-6
Let f(t) be the second derivative of 1/6*t**3 + 0*t**4 - t - 3/20*t**5 + 1/2*t**2 + 0. What is f(-1)?
3
Let m(r) = -r**3 + 6*r**2 - 7*r + 7. Let b be m(5). Let i be (18/b + 2)*1. Let f(a) = a**2 + 3*a - 5. Calculate f(i).
-1
Let o(u) = -5*u - 4. Let n be -6 + -3 + (0 - -2). Let i(l) = l. Let w(f) = -11*f - 8. Let a(s) = -2*i(s) - w(s). Let p(j) = n*o(j) - 4*a(j). Give p(0).
-4
Let p(r) = 2*r**2 - 11*r - 2. Let b be p(5). Let g(w) = -w**2 - 9*w + 8. Calculate g(b).
22
Let s(v) = -3*v**2 - 11*v - 1. Let i(q) = -2*q**2 - 7*q. Let w(l) = 2*l**2 + 6*l. Let x(a) = 4*i(a) + 3*w(a). Let f(y) = -3*s(y) + 4*x(y). Determine f(5).
-7
Suppose -11*a + 40 = -3*a. Let n(m) = 4*m - 7. Let r(o) = 5*o - 8. Let k(c) = 4*n(c) - 3*r(c). Give k(a).
1
Let o(v) = 3*v**2 - 2*v + 1. Let z be (-4)/(2 - (3 - -1)). What is o(z)?
9
Let c(m) be the second derivative of -m**4/12 + 5*m**2/2 - 2*m. Let v = 14 + -14. What is c(v)?
5
Let g(r) be the third derivative of -r**3 - 1/60*r**5 + 0 - 1/120*r**6 + 3*r**2 + 0*r + 0*r**4. Give g(0).
-6
Let f(p) be the first derivative of p**4/2 - p**3/3 + p**2 - p + 4. Let i be f(1). Let j(w) = -4*w + 8*w - i*w - 4 - 3*w. Calculate j(-4).
0
Suppose 3*g + 0 = 5*l + 22, -4*g + 5*l = -36. Let n = g + -8. Let p(w) = 49*w - 7. Let o(x) = 57*x - 7. Let u(b) = 6*o(b) - 7*p(b). Give u(n).
1
Let r be ((-36)/(-15) + -2)*5. Let j(f) = -7*f**2 - 2*f**2 - 11 + 10*f**r - f. Give j(0).
-11
Suppose 11 = 4*p + 3. Suppose 2*g + p = -6. Let m be g/(-16) + 11/4. Let n(x) = 2*x - 3. Calculate n(m).
3
Let t = 8 - 6. Let s(y) = -y**t + 4 + 1 + 3*y - 2. Let q = -2 + 5. What is s(q)?
3
Let k(w) = -w**3 + 3*w**2 + w. Let m be 74/26 - (-40)/260. Determine k(m).
3
Let q(c) = c - 1. Let f be q(6). Let g(n) = -n**2 + 5*n + 1. What is g(f)?
1
Let t(u) = -14 - 2*u**2 + 10*u - 5*u - 19*u. Let d(y) be the third derivative of y**5/60 + 7*y**4/24 + 7*y**3/6 + y**2. Let h(g) = -5*d(g) - 3*t(g). Give h(-5).
-3
Let l(d) = -5*d**2 + 7*d + 8. Let z(k) = 9*k**2 - 13*k - 15. Let h(i) = -11*l(i) - 6*z(i). Give h(2).
8
Let v(z) = -z**2 - 1. Let w be v(-2). Let x = -2 - w. Let r(s) = s - 3. Determine r(x).
0
Let u(k) be the second derivative of k**4/12 - k**3/6 + 13*k**2/2 + 6*k. Calculate u(0).
13
Let t(x) = -x**3 - 6*x**2 + 3*x - 3. Suppose 0 = -3*k + 22 - 40. Determine t(k).
-21
Let q = 14 - 20. Let a(s) = -2*s - 8. What is a(q)?
4
Let v(i) = i**2 - 5*i - 1. Let k be v(6). Let g(h) be the second derivative of -1/3*h**3 + 0 + h + 5/2*h**2. Calculate g(k).
-5
Let o = -5 - -3. Let k be -1 - 1*o*-1. Let s(p) = -p**2 - p + 0*p**2 - 3 + 2*p**2 + 2*p. Give s(k).
3
Suppose 5*k = 5*n + 5, -2*k + 4*n = -0*k - 4. Let l(p) = p + 4. Calculate l(k).
4
Let b(a) = -2*a**3 + 5*a**2 - 2*a - 2. Suppose 0 = -0*j + 6*j - 18. Give b(j).
-17
Let h be (3 + -3 - -1)*5. Let u(d) = -d**3 + 5*d**2 - 2*d + 6. What is u(h)?
-4
Let o(x) be the second derivative of x**3/6 - x**2/2 - 22*x. Calculate o(-8).
-9
Let k(w) be the second derivative of w**4/12 - 3*w**3/2 - 5*w**2/2 - w - 7. Give k(7).
-19
Let z = 12 + -17. Let u(w) = -2*w - 7. Determine u(z).
3
Suppose -35*d = -41*d - 12. Let i(q) = -3*q**3 + q - 2. Calculate i(d).
20
Let a(c) be the first derivative of -c**4 - c**3/3 + c**2/2 - c - 7. Let z = -7 - -5. Let f = z - -3. Give a(f).
-5
Let g(f) = -7*f**2 - 3*f + 4. Let w(q) = 6*q**2 + 2*q - 4. Let x(m) = -3*g(m) - 4*w(m). Give x(3).
-20
Let q be (3 - 3)*1/2. Let j(m) = q + m - 1 + 4. What is j(-3)?
0
Let l(o) = 5*o**2 + 2 - 2 + 3*o - 6*o**2 - 2. Calculate l(2).
0
Let o(n) = -7*n - 16. Let q be o(-5). Let p(k) = -q - 6*k**2 + 4*k**2 + 19 - 6*k. Determine p(-4).
-8
Let k(q) be the third derivative of q**8/6720 + q**7/504 - q**6/720 - q**5/40 - 5*q**4/24 + 6*q**2. Let l(d) be the second derivative of k(d). Calculate l(-5).
2
Let k = -5 - -1. Let j(n) = -5*n**2 - 6. Let i(d) = 6*d**2 - d + 7. Let s(g) = 4*i(g) + 5*j(g). Let y(l) be the first derivative of s(l). What is y(k)?
4
Let y be ((-36)/(-4) - -1)/2. Let o(l) = l**2 - 3*l + 7. What is o(y)?
17
Let m(a) be the second derivative of -a**5/20 + a**4/2 - 5*a**3/6 + 2*a. Calculate m(5).
0
Let v(o) = -3*o - 2. Let u be v(-2). Let j(p) = -2*p - 4 - 2*p**2 - 4*p + p**3 + 14 - 6. Give j(u).
12
Let b = -35 + 35. Let x(g) = -10*g - 9. Let h(o) = -7*o - 6. Let t(m) = -7*h(m) + 5*x(m). Determine t(b).
-3
Let d(k) = -2*k + 7. Let n(q) be the third derivative of q**5/20 - q**4/12 - q**3/3 - 4*q**2. Let x be n(2). Calculate d(x).
-5
Let i(t) = -t + 5. Let z(r) = -2*r**2 - 5*r - 3. Let g be z(-3). Calculate i(g).
11
Let m be 104/18 - (-4)/18. Let t(u) = u - 3. Let g be t(m). Let s(l) = -9 - l + 24 - 13. Calculate s(g).
-1
Let k(b) = 3*b**2 - 1. Suppose -1 = 5*o + 4*n, 0 = -o - 4*n - 1 - 12. Suppose -m = -4*s - 3, -4*s - o*m = -2*m + 5. What is k(s)?
2
Let v(u) = -u**2 - 3*u + 1. Let x = 0 + -4. Give v(x).
-3
Suppose 3 + 3 = 3*d + 3*c, d + 28 = 5*c. Let u(b) = -4*b - 3. Let l(z) = 11*z + 10. Let j(p) = 3*l(p) + 8*u(p). Determine j(d).
3
Suppose -2*u + 5*u = -v + 11, 23 = 5*v - u. Let s(n) = 3 + n**2 - 4*n - 3 + 3. What is s(v)?
8
Let z(o) = o**2 - o. Let m(h) = -4*h**2 + 12*h + 4. Suppose -4*r + 13 = -7. Let d(q) = -q**2 + q. Let w(l) = r*d(l) - m(l). Let i be w(-6). Give z(i).
2
Suppose -4 = -4*v + 8. Let d(q) = 2 + 4*q**v + 3*q**2 - 1 - 2*q + 3*q - 4*q**2. Suppose -h - 4 = -3*c, 3 = -2*h - 3*c + 4. Determine d(h).
-5
Let p(i) = 5*i**2 - 4*i + 1. Let s(y) = y**2 - y. Let g(c) = -p(c) + 3*s(c). Determine g(3).
-16
Let t(x) = x**3 + 5*x**2 + 6*x + 3. Suppose -5*c - 5*s = 45, -5*c - s = -0*c + 25. Give t(c).
-5
Let a(c) = -c**3 + 6*c**2 - 6*c + 3. Let m be a(5). Let i(d) = d**3 + 3*d**2 - d - 1. What is i(m)?
5
Suppose 5*p = 2*l - 1 - 25, -3*l - 7 = 4*p. Let c(y) = -y**3 - 4*y**2 - 3*y - 6. Determine c(p).
6
Let m(b) = b**2 + 5*b - 3. Let h(w) = 2*w**2 + 5*w - 4. Let r be 3/(3/(-2) + 0).